ber?
False
Let p be (12/18)/2*9. Suppose -p*x + 5*y = -2*x - 2242, -5*y = 5*x - 11360. Is x a prime number?
True
Let a(h) = -1556*h**3 + 53*h**2 + 64*h + 70. Is a(-9) prime?
False
Let i(j) = 5*j**2 + 12 - 12 + 6*j + 5 + 146*j**3. Let d(b) = -730*b**3 - 25*b**2 - 31*b - 25. Let q(t) = -2*d(t) - 11*i(t). Is q(-2) composite?
False
Let p = 326071 + -180848. Is p prime?
False
Let f = 0 + -3. Let a(q) = 44*q**2 - 57904*q + 57902*q - 8 + 1. Is a(f) a composite number?
True
Let o(u) = -u**2 - 4*u + 5. Suppose 0 = 25*s - 23*s + 8. Let k be o(s). Is (226/(-4))/(0 + k/(-170)) composite?
True
Suppose 5*w - 5*f + 2*f = 54, -58 = -5*w + f. Suppose 2*a = 5*a - w. Suppose 0 = -c - a*o + 249, -o = -4*o - 6. Is c a prime number?
True
Suppose 9 = 12*a - 15. Suppose 5*x = 25, -a*l + 551 = 2*x - 749. Suppose l + 175 = 4*w. Is w composite?
True
Let q(s) = -611184*s + 5351. Is q(-3) a composite number?
True
Let k(o) = 10*o**3 + 9*o**2 + 3*o + 13. Let p be k(-7). Let f be (p/6)/(-9)*2. Let y = f - 0. Is y prime?
False
Let u(w) = 550*w**3 + 9*w**2 - 4*w - 64. Is u(7) a composite number?
False
Suppose 2*x - 3*x - y - 10 = 0, 4*y - 8 = 2*x. Let p(s) = -526*s - 125. Is p(x) composite?
True
Let h(l) = l**3 - 3*l**2 + 3*l - 4. Let d be h(3). Let r be 11/4 + 4*d/80. Is r/10*(-25)/(-30)*1172 composite?
False
Suppose 2*r - 1330834 = -2*s, -2661700 = -9*s + 5*s + 4*r. Is s a prime number?
False
Let p(m) be the third derivative of -7*m**6/40 - m**5/10 - m**4/4 - m**3/3 - 23*m**2. Is p(-5) a composite number?
False
Let o be (-3 + 1)*(1 - 5/10). Is o/(-2)*4*(-7653)/(-6) a prime number?
True
Let k be ((-57)/(-6))/(3/(-2838)). Let w = 17800 + k. Is w prime?
False
Suppose 5*k - 174770 = 5*q, 3*k + 60*q = 62*q + 104857. Is k a prime number?
True
Let w = 76 - 55. Suppose w*p = 13711 + 3404. Is p a prime number?
False
Suppose -342800 = -n + 3*f, 498759 - 2212871 = -5*n - f. Is n a prime number?
True
Let j(r) = -751*r - 26. Let w(h) = -376*h - 13. Let q = -16 - -18. Let u(i) = q*j(i) - 5*w(i). Is u(6) a composite number?
False
Let m = -684 + -1172. Let f = 5019 + m. Is f a composite number?
False
Let t(u) = -57*u + 1418 - 56*u + 109*u + 3*u**3 + u**2. Is t(0) prime?
False
Let z = -87666 + 243725. Is z a composite number?
False
Suppose -127*t - 53*t + 298865111 + 59758789 = 0. Is t composite?
True
Let v = -1796420 - -2689909. Is v a prime number?
True
Let s = -7790 - -13887. Let x = -1988 + s. Is x composite?
True
Let i be ((-952237)/22)/13 - 2/(-4). Let q = 5428 + i. Is q prime?
True
Suppose -141*s = -138*s + 2*p - 173391, -5*p - 231257 = -4*s. Is s a composite number?
False
Let s be -3*((-3)/(-4) + 56/(-32)). Suppose 4*k + 4*p + 3790 = 6*k, s*p = -2*k + 3811. Is k composite?
False
Is ((-141)/(-12))/(-3 - -8 - (-387695)/(-77540)) prime?
False
Is (8837565/(-165) - (2 + 0))*-1 prime?
False
Suppose -1578669 = -33*s + 2780070. Is s a prime number?
False
Suppose -1805 = -3*p - p - 3*l, l + 1 = 0. Suppose -4*g = -14160 + p. Is g prime?
False
Suppose 7*m + 4*l - 240271 = 2*m, -3 = 3*l. Suppose -5*f = 5*g - 66999 - 13046, 4*f + m = 3*g. Is g a prime number?
False
Let q be -2 - -522 - (1 - 1). Let c = 26943 - 26204. Let g = c - q. Is g a composite number?
True
Suppose -9*q - 9*k = -6*q - 1248186, -5*k = 2*q - 832127. Is q prime?
True
Is (1 - -357)*(-27333)/(-18) a composite number?
True
Suppose 2*f = 3*c - 1268793, 0 = -45*c + 42*c + f + 1268793. Is c composite?
True
Suppose 2*k = -6, -k - 9 = -5*c + 2*k. Let n = c + 2. Suppose 4*s - 8 = 0, z - 2*s - 431 = -n*z. Is z composite?
True
Suppose 3*u = u + 6032. Let k be u/6 - ((-24)/18 + 2). Suppose p = i + 2*p - k, 4*i = 2*p + 1990. Is i a composite number?
False
Let f(i) = -656*i - 7. Suppose 4*g = -4*r - 4, -10 = r - 0*r - 2*g. Is f(r) composite?
False
Let w(c) = -6*c + 54. Let d be w(9). Suppose -4*f = -y, -4*f + 3*y + 8 = -d*y. Let a(x) = 2922*x**2 - x - 2. Is a(f) prime?
False
Let t(d) = 4259*d - 145. Let r(g) = -6389*g + 221. Let m(x) = -5*r(x) - 8*t(x). Is m(-6) a composite number?
True
Let d be 28/2*(-10)/(-35). Suppose 0 = d*t + 60*t - 206144. Is t prime?
True
Suppose -10*v - 3*v + 7709 = 0. Is (-69)/23*-1*v a prime number?
False
Suppose -4072176 + 1596031 = -35*b. Is b a prime number?
False
Suppose -40*o + 7419606 = -732674. Is o prime?
True
Let o(r) = -3*r**3 + 15*r**2 - 5*r + 11. Let y(m) = -m**3 + 7*m**2 - 3*m + 5. Let z(w) = 2*o(w) - 5*y(w). Let k be z(-6). Is k/6*2*409 prime?
True
Let o(u) = u**3 + 4*u**2 + 2*u + 3. Suppose 5*x + 17 = -4*b, -4*b - 21 + 6 = 3*x. Let g be o(b). Suppose g*j - 2569 = -667. Is j a composite number?
False
Let c = 159560 - 60697. Is c a prime number?
False
Suppose p + 3*t = 20 - 5, 3*t - 15 = 0. Let h(r) = -2*r + 445. Let m be h(p). Suppose 0 = 2*w, -w - m = -5*b + 4*w. Is b a composite number?
False
Is (-295028145)/(-1211) - -3*(-8)/42 a prime number?
True
Is (-42443)/((-20)/(233 + -13)) a composite number?
True
Let g(r) = r**2 - 12*r + 11. Suppose -5*t - 1 - 4 = 2*i, 0 = -5*t - 15. Let f be g(i). Is (-48116)/f + 1/6 prime?
False
Let a = 100266 - -19519. Is a a prime number?
False
Let b = -261 + 1994. Is b a prime number?
True
Suppose -5*m + 3*v - 34324 = 7*v, 4*m + 27460 = -4*v. Let c = m + 12871. Is c composite?
False
Suppose 12*z - 17385 = 7*z. Suppose 0 = 2*g - 5*k + 2200, -5*g - 2052 = 2*k + z. Let w = -606 - g. Is w composite?
False
Let l(v) = -v**3 - 6*v**2 - 9*v - 1. Let y(f) = -2*f**3 - 2*f**2 + f - 2. Let c be y(-2). Let w be (4 + -12)*3/c. Is l(w) prime?
True
Suppose 10*t = 17088 - 2168. Let z(n) = n**3 - 12*n**2 - 38*n - 40. Let g be z(17). Let d = t + g. Is d a composite number?
False
Let m(s) = 168*s**2 - 12*s - 47. Let n be -5*(5 - (5 - -1)) + -10. Is m(n) prime?
False
Let y be 7 - 3*(-3)/(-3). Suppose 3*o = y*o + 14. Is (4348/8)/((-7)/o) composite?
False
Suppose -60*k + 15*k + 6875649 = 2584044. Is k a composite number?
False
Suppose 4*b + 40 = -b. Let x be -49*(-1 - 4/b*-20). Is -2*(x/(-2) - 2/2) a composite number?
False
Let c = -386 - -386. Suppose o = 3, c = 5*n + 3*o - 920 - 819. Is n a composite number?
True
Is 1500/150 + -1 + 99989 prime?
False
Suppose -10*q + 15*q - 9045 = 0. Let d be q + 1 + 4 + 7/(-1). Suppose -7*t - d = -5090. Is t a prime number?
False
Suppose -93*z = -86*z - 15113. Is z prime?
False
Let f(p) = 2*p**3 + p - 78 - 16*p**2 - 1 - 3*p**3 - 2. Is f(-17) prime?
True
Let c be (-2)/(-15) - (8 + 147058/(-15)). Is (c - 7) + -12 + 4 a composite number?
False
Let r(n) = -390*n - 1. Let a be r(2). Let p = -9384 - -9388. Is 3*(-4)/p - a composite?
True
Let r be ((-230)/(-20) - 7) + (-6)/(-4). Is (663/r)/13*74 prime?
False
Let p(t) = 16*t**2 + 11*t + 1. Let l be 104/10 + -6*(-3)/30. Let a be p(l). Suppose 4*z - 8398 = -a. Is z composite?
True
Let x(r) = 36*r + 8 - 107*r + 34*r + 326*r**2 + 36*r. Is x(3) a composite number?
False
Let z = 55 + -55. Suppose 5*j = -z*j + 157520. Suppose 2*g + 16299 = 3*h, -5*h + 3*g + j = 4338. Is h a composite number?
True
Is (-956747)/(-4) + (-2772)/(-1232) a composite number?
True
Let l = 69 - 45. Suppose 14*w = 18*w + l. Let s(x) = 19*x**2 - 12*x - 19. Is s(w) a composite number?
True
Let m = -265067 - -520680. Is m prime?
True
Let t be 5385*4*(-2)/20. Let a = 4487 + t. Is a prime?
True
Suppose -3*v - 281122 = -4*q, -q + 48713 + 21564 = v. Is q a composite number?
True
Let r be ((-1)/(-1) + 2)*(-1)/(-1). Suppose -r*t + 18 = 3*x, -x = -3*t + 7*t - 12. Suppose 3749 = x*a - 5*p, -2*a - 3*p + 1879 = -4*p. Is a composite?
False
Let v be -26*(-1)/8 + (-33)/(-44). Suppose 7*g - v*g = 315. Let t = 134 + g. Is t a prime number?
True
Let k(x) = 757*x + 33. Let h be k(-15). Let m = h - -19094. Suppose 0*u + m = 4*u. Is u a prime number?
False
Let y = 424 - 420. Suppose -5*u = -2*x - 19941, -15*u + 11*u + 15948 = -y*x. Is u composite?
False
Suppose 25*o = 5*o + 6892560. Suppose -131619 + o = 57*c. Is c prime?
False
Let j = 35 - 30. Suppose -j*k - 3*p = 2*p - 445, 172 = 2*k + 5*p. Suppose 5*s + 2*x = -0*s + 387, -3*x = -s + k. Is s composite?
False
Is 85192 - (-48 - -45)*(-3)/(-9) a prime number?
True
Suppose 17*j + 804 = 11*j. Let q = 596 - 373. Let w = q + j. Is w a prime number?
True
Let g(v) = v**3 - 17*v**2 + 7*v + 59. Let l be g(19). Let y = 1301 + l. Is y prime?
False
Let n(a) = 29 - 77 - 61 + 402*a + 722*a. Is n(9) prime?
True
Suppose 66*p = 355